hat is 6b2 + -13?
69d
In base 16, what is 3 + 117e?
1181
In base 12, what is 1a40 - 8?
1a34
In base 8, what is -260 - 456?
-736
In base 10, what is 28744 - -6?
28750
In base 14, what is -43691 + -1?
-43692
In base 2, what is 110001000000001 - 101?
110000111111100
In base 15, what is -3067 - 5?
-306c
In base 11, what is -4 - 84a?
-853
In base 3, what is -1102 + 22200?
21021
In base 14, what is -1 + -7bb77?
-7bb78
In base 10, what is -770 + -26?
-796
In base 16, what is 3a - -3766?
37a0
In base 12, what is -1 + -448b?
-4490
In base 7, what is -341 + 643?
302
In base 3, what is -1 + 2110102210010?
2110102210002
In base 4, what is 12 + 2202110?
2202122
In base 9, what is -270 + 257?
-12
In base 10, what is 3 - -16456?
16459
In base 15, what is 700 - 80?
670
In base 13, what is -2 + 6ac?
6aa
In base 6, what is -315510211 - -5?
-315510202
In base 13, what is 86a - 2?
868
In base 12, what is 115 - 119?
-4
In base 11, what is -15655 + -14?
-15669
In base 12, what is -100b + -26b?
-127a
In base 15, what is 2a390 - -4?
2a394
In base 15, what is -86 + 320?
289
In base 10, what is -4430 - 87?
-4517
In base 12, what is b5 - 43b?
-346
In base 6, what is 0 + -4131501?
-4131501
In base 6, what is -23011 - 101?
-23112
In base 10, what is 337 - 237?
100
In base 16, what is -1 + -b1b?
-b1c
In base 8, what is -51156 - -24?
-51132
In base 11, what is -6 - -2727?
2721
In base 5, what is -101 + 14001?
13400
In base 11, what is 389aa + -5?
389a5
In base 11, what is 13a + 117?
256
In base 10, what is 4 + -52719?
-52715
In base 10, what is -323 - -69?
-254
In base 16, what is -10a + -19b?
-2a5
In base 2, what is -1011 - 1011111111111000?
-1100000000000011
In base 7, what is -2044 + 16?
-2025
In base 10, what is -436290 + -7?
-436297
In base 7, what is -23611 + -45?
-23656
In base 2, what is -11000 - 1000010011110?
-1000010110110
In base 9, what is 30 - 2725?
-2685
In base 2, what is 10101111101 + -1001010001?
1100101100
In base 8, what is 41661 + 3?
41664
In base 6, what is -1 - 154534?
-154535
In base 7, what is 42434356 + 1?
42434360
In base 2, what is -110100010000110 + -11?
-110100010001001
In base 2, what is 1110 + -1001111?
-1000001
In base 11, what is 5 - 21420?
-21416
In base 8, what is -22 + 12365?
12343
In base 15, what is -138e61 - -3?
-138e5d
In base 13, what is 905 - -1552?
2157
In base 2, what is 111001 - -1010100011011?
1010101010100
In base 6, what is -210105225 - 5?
-210105234
In base 14, what is -10 + 166c?
165c
In base 15, what is 2dd8 - 5?
2dd3
In base 13, what is 26 + -3b60?
-3b37
In base 3, what is -1201222102121 + -10?
-1201222102201
In base 4, what is 10 + 21330?
22000
In base 10, what is 428 - 27?
401
In base 4, what is 12232032 + -20?
12232012
In base 4, what is 11 - -2121023?
2121100
In base 14, what is 1db51 + -3?
1db4c
In base 7, what is 3153 - -2265?
5451
In base 12, what is -26 - -b821?
b7b7
In base 10, what is -1 + -755356?
-755357
In base 15, what is 287 - 1ac9?
-1842
In base 11, what is -175 - 58a4?
-5a69
In base 4, what is 1302 - 212?
1030
In base 4, what is -202203 + -23?
-202232
In base 10, what is 165 + 128?
293
In base 5, what is -244411 - -4?
-244402
In base 4, what is 0 - 13301221?
-13301221
In base 5, what is -2 + 30202410?
30202403
In base 16, what is -10467 - 1e?
-10485
In base 4, what is 11 - 130332031?
-130332020
In base 5, what is -12030 - 1034?
-13114
In base 10, what is -1913064 + 5?
-1913059
In base 3, what is 11120 - -111022011?
111110201
In base 9, what is -25 - -48475?
48450
In base 3, what is 10011221100 - 2?
10011221021
In base 14, what is -11 + 1945?
1934
In base 16, what is -22d7 - -2?
-22d5
In base 3, what is 21 - 1122101?
-1122010
In base 11, what is 44 + -1563?
-151a
In base 8, what is -54 - 140016?
-140072
In base 11, what is -560780 + -6?
-560786
In base 10, what is -566 + -202?
-768
In base 6, what is 3551121 - 5?
3551112
In base 10, what is -382 - 129?
-511
In base 8, what is 3 + -524534?
-524531
In base 4, what is -20211 - 31?
-20302
In base 14, what is -994 - -1a?
-978
In base 7, what is 63624 + 41?
63665
In base 8, what is -215606 - -3?
-215603
In base 10, what is 95647 - -2?
95649
In base 12, what is -3357 + -4a5?
-3840
In base 13, what is 9885 - -1c?
98a4
In base 13, what is 2 - 17b94?
-17b92
In base 2, what is 10 + -11001101011101?
-11001101011011
In base 13, what is -1038 + 817?
-521
In base 10, what is -960 - -210?
-750
In base 5, what is 2101423 + 10?
2101433
In base 13, what is -2a4c5 + -2?
-2a4c7
In base 11, what is 27 + 8656?
8682
In base 6, what is 302531 + -12?
302515
In base 15, what is 84d0 + -2b?
84a4
In base 6, what is 4 - 55203?
-55155
In base 6, what is 330 + 1244?
2014
In base 6, what is -24515104 - -13?
-24515051
In base 8, what is 12233 - -40?
12273
In base 5, what is 222042341 - -3?
222042344
In base 13, what is 31ccb - 16?
31cb5
In base 3, what is 12222212 + 10?
12222222
In base 5, what is 41 + 2221130?
2221221
In base 8, what is 20521 + -5?
20514
In base 11, what is 5 + -9055?
-9050
In base 11, what is 8753 + 67?
880a
In base 3, what is 2121 + -2012102?
-2002211
In base 3, what is 12 - -100201210222?
100201211011
In base 2, what is 100001 + 101100011?
110000100
In base 10, what is -22 - -4259?
4237
In base 13, what is -22 + -1bb3c?
-1bb61
In base 7, what is -4 - -4030360?
4030353
In base 11, what is 48488 - -2?
4848a
In base 5, what is 233 + -123423?
-123140
In base 13, what is 4 + ab19?
ab20
In base 16, what is -65 + -fe7?
-104c
In base 6, what is -4 + 2542?
2534
In base 10, what is 7843 + -1?
7842
In base 11, what is 4 - 33271?
-33268
In base 16, what is -5 - -4604f?
4604a
In base 6, what is -413050 - -2?
-413044
In base 11, what is -504a + 220?
-492a
In base 7, what is 5 + -155616?
-155611
In base 2, what is -1101011010111001 + -1?
-1101011010111010
In base 6, what is -2023543 + 3?
-2023540
In base 5, what is 21001 - 10002?
10444
In base 8, what is -2654 + 376?
-2256
In base 2, what is -11001110000 - -11010?
-11001010110
In base 13, what is 322c + -8?
3224
In base 4, what is -1210211 - -1001?
-1203210
In base 3, what is 20 - -1010010211?
1010011001
In base 16, what is -1e2ed + -5?
-1e2f2
In base 13, what is 7420a + 1?
7420b
In base 16, what is -c8 + -18?
-e0
In base 16, what is -10bea - -4?
-10be6
In base 13, what is -7a3b + 13?
-7a28
In base 9, what is 540 - 5533?
-4883
In base 10, what is -15044 + -4?
-15048
In base 11, what is -84 + 3009?
2a35
In base 12, what is 16 + 2b7?
311
In base 11, what is -20 + 1335?
1315
In base 6, what is 2 + -14123?
-14121
In base 5, what is -10 + -212203010?
-212203020
In base 6, what is 4 - 1031330?
-1031322
In base 16, what is -1f7 - 671?
-868
In base 16, what is -7 - -64e?
647
In base 5, what is 44444344 + -4?
44444340
In base 8, what is -15 + 13210?
13173
In base 11, what is 200 + 1a5?
3a5
In base 8, what is 10502 + -14?
10466
In base 15, what is -a - -946d?
9463
In base 2, what is -111011 + 10111011100?
10110100001
In base 2, what is 100 - -101111111100011?
101111111100111
In base 8, what is -106 + -371?
-477
In base 4, what is 32101 - 12?
32023
In base 7, what is 3 - -23054?
23060
In base 11, what is -9a5 + -68?
-a62
In base 13, what is -60971 - 5?
-60976
In base 10, what is -190649 - -3?
-190646
In base 15, what is -24 - -725?
701
In base 13, what is -10b478 + 4?
-10b474
In base 4, what is 1232113 - 12?
1232101
In base 5, what is 4 + 10303014?
10303023
In base 14, what is -34091b - 2?
-34091d
In base 5, what is 10143240 + 11?
10143301
In base 16, what is -e791 - 3?
-e794
In base 16, what is 2 - -4c24?
4c26
In base 13, what is -48 + 10059?
10011
In base 13, what is -26 - -436?
410
In base 6, what is 2 - -414133?
414135
In base 5, what is 1210330 + 1002?
1211332
In base 10, what is -253 - 4131?
-4384
In base 16, what is -14ec0 - -3?
-14ebd
In base 8, what is -4615 - -104?
-4511
In base 15, what is 37 - -3ac?
3e4
In base 5, what is 21 + -4414124?
-4414103
In base 8, what is -37 - -26266?
26227
In base 13, what is 1b + -1929?
-190b
In base 2, what is -11000000 + 1001111011?
110111011
In base 4, what is -2122 + -12011?
-20133
In base 4, what is 11102123 + 3?
11102132
In base 5, what is -1420133 + 1240?
-1413343
In base 15, what is -12ae9a + -3?
-12ae9d
In base 14, what is 4d555 + -5?
4d550
In base 11, what is -10 - -92aa?
929a
In base 5, w